{"version":"1.0","provider_name":"African Export-Import Bank","provider_url":"https:\/\/www.afreximbank.com\/fr\/","author_name":"Vincent Musumba","author_url":"https:\/\/www.afreximbank.com\/fr\/author\/vmusumba\/","title":"Afreximbank cible la cha\u00eene de valeur mini\u00e8re en RDC - African Export-Import Bank","type":"rich","width":600,"height":338,"html":"<blockquote class=\"wp-embedded-content\" data-secret=\"bY2KVqYxDD\"><a href=\"https:\/\/www.afreximbank.com\/fr\/afreximbank-cible-la-chaine-de-valeur-miniere-en-rdc\/\"><strong>Afreximbank cible la cha\u00eene de valeur mini\u00e8re en RDC<\/strong><\/a><\/blockquote><iframe sandbox=\"allow-scripts\" security=\"restricted\" src=\"https:\/\/www.afreximbank.com\/fr\/afreximbank-cible-la-chaine-de-valeur-miniere-en-rdc\/embed\/#?secret=bY2KVqYxDD\" width=\"600\" height=\"338\" title=\"&#8220;&lt;strong&gt;Afreximbank cible la cha\u00eene de valeur mini\u00e8re en RDC&lt;\/strong&gt;&#8221; &#8212; African Export-Import Bank\" data-secret=\"bY2KVqYxDD\" frameborder=\"0\" marginwidth=\"0\" marginheight=\"0\" scrolling=\"no\" class=\"wp-embedded-content\"><\/iframe><script type=\"text\/javascript\">\n\/*! This file is auto-generated *\/\n!function(c,d){\"use strict\";var e=!1,o=!1;if(d.querySelector)if(c.addEventListener)e=!0;if(c.wp=c.wp||{},!c.wp.receiveEmbedMessage)if(c.wp.receiveEmbedMessage=function(e){var t=e.data;if(t)if(t.secret||t.message||t.value)if(!\/[^a-zA-Z0-9]\/.test(t.secret)){for(var r,a,i,s=d.querySelectorAll('iframe[data-secret=\"'+t.secret+'\"]'),n=d.querySelectorAll('blockquote[data-secret=\"'+t.secret+'\"]'),o=0;o<n.length;o++)n[o].style.display=\"none\";for(o=0;o<s.length;o++)if(r=s[o],e.source===r.contentWindow){if(r.removeAttribute(\"style\"),\"height\"===t.message){if(1e3<(i=parseInt(t.value,10)))i=1e3;else if(~~i<200)i=200;r.height=i}if(\"link\"===t.message)if(a=d.createElement(\"a\"),i=d.createElement(\"a\"),a.href=r.getAttribute(\"src\"),i.href=t.value,i.host===a.host)if(d.activeElement===r)c.top.location.href=t.value}}},e)c.addEventListener(\"message\",c.wp.receiveEmbedMessage,!1),d.addEventListener(\"DOMContentLoaded\",t,!1),c.addEventListener(\"load\",t,!1);function t(){if(!o){o=!0;for(var e,t,r,a=-1!==navigator.appVersion.indexOf(\"MSIE 10\"),i=!!navigator.userAgent.match(\/Trident.*rv:11\\.\/),s=d.querySelectorAll(\"iframe.wp-embedded-content\"),n=0;n<s.length;n++){if(!(r=(t=s[n]).getAttribute(\"data-secret\")))r=Math.random().toString(36).substr(2,10),t.src+=\"#?secret=\"+r,t.setAttribute(\"data-secret\",r);if(a||i)(e=t.cloneNode(!0)).removeAttribute(\"security\"),t.parentNode.replaceChild(e,t);t.contentWindow.postMessage({message:\"ready\",secret:r},\"*\")}}}}(window,document);\n<\/script>\n","description":"Le Caire, \u00c9gypte, 23 avril 2026 : \u2013 Reconnaissant la position unique de la R\u00e9publique d\u00e9mocratique du Congo (RDC) en tant que \u2018pays solution\u2019, gr\u00e2ce \u00e0 ses importantes r\u00e9serves de minerais critiques indispensables \u00e0 la transition \u00e9nerg\u00e9tique mondiale, ainsi qu\u2019\u00e0 son r\u00f4le de gardienne du deuxi\u00e8me plus vaste massif forestier tropical au monde, l\u2019un des"}

Afreximbank cible la chaîne de valeur minière en RDC - African Export-Import Bank

<blockquote class="wp-embedded-content" data-secret="bY2KVqYxDD"><a href="https://www.afreximbank.com/fr/afreximbank-cible-la-chaine-de-valeur-miniere-en-rdc/"><strong>Afreximbank cible la chaîne de valeur minière en RDC</strong></a></blockquote><iframe sandbox="allow-scripts" security="restricted" src="https://www.afreximbank.com/fr/afreximbank-cible-la-chaine-de-valeur-miniere-en-rdc/embed/#?secret=bY2KVqYxDD" width="600" height="338" title="&#8220;&lt;strong&gt;Afreximbank cible la chaîne de valeur minière en RDC&lt;/strong&gt;&#8221; &#8212; African Export-Import Bank" data-secret="bY2KVqYxDD" frameborder="0" marginwidth="0" marginheight="0" scrolling="no" class="wp-embedded-content"></iframe><script type="text/javascript">
/*! This file is auto-generated */
!function(c,d){"use strict";var e=!1,o=!1;if(d.querySelector)if(c.addEventListener)e=!0;if(c.wp=c.wp||{},!c.wp.receiveEmbedMessage)if(c.wp.receiveEmbedMessage=function(e){var t=e.data;if(t)if(t.secret||t.message||t.value)if(!/[^a-zA-Z0-9]/.test(t.secret)){for(var r,a,i,s=d.querySelectorAll('iframe[data-secret="'+t.secret+'"]'),n=d.querySelectorAll('blockquote[data-secret="'+t.secret+'"]'),o=0;o<n.length;o++)n[o].style.display="none";for(o=0;o<s.length;o++)if(r=s[o],e.source===r.contentWindow){if(r.removeAttribute("style"),"height"===t.message){if(1e3<(i=parseInt(t.value,10)))i=1e3;else if(~~i<200)i=200;r.height=i}if("link"===t.message)if(a=d.createElement("a"),i=d.createElement("a"),a.href=r.getAttribute("src"),i.href=t.value,i.host===a.host)if(d.activeElement===r)c.top.location.href=t.value}}},e)c.addEventListener("message",c.wp.receiveEmbedMessage,!1),d.addEventListener("DOMContentLoaded",t,!1),c.addEventListener("load",t,!1);function t(){if(!o){o=!0;for(var e,t,r,a=-1!==navigator.appVersion.indexOf("MSIE 10"),i=!!navigator.userAgent.match(/Trident.*rv:11\./),s=d.querySelectorAll("iframe.wp-embedded-content"),n=0;n<s.length;n++){if(!(r=(t=s[n]).getAttribute("data-secret")))r=Math.random().toString(36).substr(2,10),t.src+="#?secret="+r,t.setAttribute("data-secret",r);if(a||i)(e=t.cloneNode(!0)).removeAttribute("security"),t.parentNode.replaceChild(e,t);t.contentWindow.postMessage({message:"ready",secret:r},"*")}}}}(window,document);
</script>

Le Caire, Égypte, 23 avril 2026 : – Reconnaissant la position unique de la République démocratique du Congo (RDC) en tant que ‘pays solution’, grâce à ses importantes réserves de minerais critiques indispensables à la transition énergétique mondiale, ainsi qu’à son rôle de gardienne du deuxième plus vaste massif forestier tropical au monde, l’un des
